hat is g(-7)?
-6
Let n(m) be the first derivative of -m**2/2 + 15*m - 2. Let f be n(8). Let j(t) be the third derivative of -t**4/24 + t**3/3 + 8*t**2 - 74*t. Calculate j(f).
-5
Let f(d) = d**3 + 4*d**2 + 2*d. Let k be (-3)/(-9) - (85/3)/(-5). Suppose -v = -k*v - 15. What is f(v)?
3
Let r = -30137 + 30139. Let y(l) = -5*l**2 + 3*l + 3. Let q(p) = p + 1. Let o(s) = -2*q(s) + y(s). Calculate o(r).
-17
Let q be -1*(-6 + (1 - 0)). Let p(t) = -209*t - 213*t + 426*t - t**2 - 4. What is p(q)?
-9
Let w(c) be the third derivative of c**7/2520 + 7*c**6/360 + c**5/15 - 2*c**2. Let i(y) be the third derivative of w(y). Calculate i(-10).
-6
Let c(d) = -2 + 105*d - 209*d - 2*d**2 + 103*d + 4*d**2. Give c(2).
4
Suppose -4*w = -d - 4*d - 588, w + 2*d - 147 = 0. Let t(b) = 307*b - 6*b**2 - b**3 - 155*b - w*b - 8. Calculate t(-7).
6
Let f(w) = -w**3 + 20*w**2 - w + 13. Let h = -32 + 52. Let c be f(h). Let m(a) = a**3 + 7*a**2 - a + 7. Give m(c).
14
Suppose 5*p = 124 - 94. Let h(i) = i**2 - 8*i - 1. What is h(p)?
-13
Suppose 5*y = -2*r + 4, -4*r + 3 + 5 = 2*y. Suppose 2*g + 3*z = 2, -5*g + 3*z + 5 = -r*z. Let u(w) = 3*w - 1. Determine u(g).
2
Suppose -2*i - 3*n = 0, 3*n = -3*i + 2*n. Let g = -1 + 10. Let k(s) = -s + 6*s + g + i*s - 6. Calculate k(3).
18
Let q(n) = 20*n + 44. Let a(o) = -11*o - 21. Let c(s) = 5*a(s) + 3*q(s). Determine c(-5).
2
Let p(u) = -u**3 - 7*u**2 - 8*u - 7. Let l(z) = -3*z**2 - 13*z + 5. Let t be l(-5). Determine p(t).
-17
Let m = 12 + -11. Let b(z) = -22*z + 11*z + 7*z - m. Give b(1).
-5
Suppose t = 4*n + 1 + 14, -2*n = 3*t + 11. Let m be (t + 6/4)/(12/(-120)). Let i(l) be the first derivative of l**2 + 6*l - 3. What is i(m)?
-4
Let r = 30 + -45. Let t be (5/r)/((-3)/36). Let h(y) = y**2 - 7*y + 6. Determine h(t).
-6
Suppose 8172*f = 8181*f. Let p(i) = -i**3 + 10. Give p(f).
10
Let a(n) be the second derivative of n**6/120 - n**5/15 + n**4/8 - n**3 - 11*n**2/2 - n. Let y(x) be the first derivative of a(x). Let h = 2 - -2. What is y(h)?
6
Suppose 0 = 3*s - 3*c + 9, 5*s + 5 + 4 = 3*c. Let f(w) = -w**3 + w**2 - 2*w + 5. Let p be f(s). Let i(d) = -d. What is i(p)?
-5
Suppose -5*n = -0*n - 35. Let i(k) = -76*k**2 - 4*k. Let h(f) = 91*f**2 + 6*f. Let a(u) = -5*h(u) - 6*i(u). What is a(n)?
7
Suppose 360 = 19*v - 79*v. Suppose 3*c + 5 = 5*y, 3*c - 3*y + y = -2. Let p(o) = -3 + 6*o**2 + o**3 - o + 3 + c*o. Calculate p(v).
6
Let u(t) = -2*t - 6. Suppose 6*h = 8*h - 42. Let w be 1/2 + (-270)/(-12). Suppose h*o = w*o + 10. Give u(o).
4
Let z(k) = -k**2 - 7*k - 9. Let y(v) = -v**2 - 24*v + 137. Let i be y(5). What is z(i)?
-17
Let a(k) = k**2 + 4*k. Suppose 0 = -2*j + y - 7, 5*j + 2*y + 17 = -5. Suppose 2*q = 8, 5*n - 5*q - 28 = -2*q. Let t be 1 + -2 + n/j. What is a(t)?
-3
Let c(v) = -v**3 + 10*v**2 - 5*v + 16. Let z be c(12). Let q be z*((-11)/(-4) - 3). Let y(a) = -2*a + 5*a + q*a**2 - 84*a**2. Determine y(3).
0
Let p(z) = 4*z**2 + z + 2. Let r(g) = 5*g**2 + g + 2. Let k(u) = -4*p(u) + 3*r(u). Calculate k(0).
-2
Let g(d) = d**2 - 7*d - 2. Let z(v) = -1 + 6*v**2 + 17*v + 10*v**2 - v**3 - 20*v**2 + 10*v**2. Let c be z(8). Determine g(c).
-2
Let r(j) = -j + 5. Let m(o) = -3*o**3 - 21*o**2 - 2*o - 14. Let a be m(-7). What is r(a)?
5
Suppose -r - 3*r = -o - 19, -2*r + 5*o + 5 = 0. Suppose -j + r*i + 7 = 3, j - 2*i + 2 = 0. Let w(v) = -v**2 - 6*v - 1. Give w(j).
-1
Let d = 148 - 149. Let j(i) be the third derivative of 3*i**5/20 - i**4/24 - 4*i**2. Determine j(d).
10
Let n(a) = -10*a + 6 + 8*a + 3*a - 31. What is n(17)?
-8
Let v(c) = 2*c**2 - 13*c + 16. Let g be v(5). Let q(t) = 1 - t**2 + 8*t + 5 - g - 4. Give q(7).
8
Let x(n) = 7*n**2 + n - 2. Suppose -2*b - 3*w = -4*b - 1, -4*b + 3*w = -1. Calculate x(b).
6
Let p(z) = z**3 + 5*z**2 - 5*z + 4. Suppose 0 = 16*u + 175 - 79. What is p(u)?
-2
Let n be 189/14*10/15. Let p(i) be the first derivative of i**2/2 - 16*i - 4. Give p(n).
-7
Let n(g) = -g**2 - 11*g. Suppose 65*z = 58*z - 63. Determine n(z).
18
Let r(j) = -2 + 6 - 17 + 0 - 2*j. Determine r(-3).
-7
Let m(k) = 10*k**3 + 3*k**2 + 5*k - 8. Let d(c) = -15*c**3 - 4*c**2 - 7*c + 11. Let v(w) = 5*d(w) + 7*m(w). Calculate v(1).
-5
Suppose -10*j - 310 + 280 = 0. Let u(b) be the first derivative of 2*b**3/3 + b**2 - 4*b - 1. Give u(j).
8
Let c(r) = 0*r**2 - 3*r - 2*r**2 + r**2 + 2. Let s(y) = -y**2 - 9*y - 12. Let f be s(-7). Suppose f*u + 4*m = -8, -3*u + 5*m - 16 = -4. Determine c(u).
-2
Let c(s) = -2*s**2 - 2*s + 4. Suppose -2*i + 15 + 10 = 3*t, -t - 4*i - 5 = 0. Let z = t - 9. Suppose -2*x = -z*q + 6 + 4, 3*q - 21 = 5*x. Calculate c(x).
-8
Let p(o) be the third derivative of -o**6/40 - o**5/15 - 7*o**4/24 - 5*o**3/6 + 2*o**2 + 40. Calculate p(-2).
17
Let m(i) = -9 + 67*i**2 + 5*i - 66*i**2 + 12. Determine m(-4).
-1
Suppose -r = 4*r + 15. Let u(x) be the second derivative of -x**4/12 - x**3/6 - 3*x**2/2 + 6045*x. Calculate u(r).
-9
Let v(p) = p**3 - 16*p**2 + 17. Suppose -c + 5*t = -41, -2*c + 12 = 34*t - 30*t. Give v(c).
17
Suppose 4*x + 4*o = 12, 5*x + 2*o - 1 = 5. Let q(t) = t**3 - t**2 + t + 8. Determine q(x).
8
Let c(q) = 100*q + 91*q + 9 - 194*q. Let a(t) = 2*t**3 - 2*t**2 - 2. Let o be a(2). Give c(o).
-9
Let v(c) be the third derivative of c**5/60 - 5*c**4/24 + 2*c**2 + 181. Calculate v(5).
0
Let z(f) = f**3 + f**2. Let w be 1/((-6)/(19 + -7)). What is z(w)?
-4
Let p(z) = -z**2 - 18. Let o be p(0). Let r = 94 + -69. Let w = r + o. Let d(k) = -k + 5. Give d(w).
-2
Let g(o) = 5*o**3 + 6*o**2 - 2*o + 6. Let z(r) = 12*r**3 + 12*r**2 - 6*r + 13. Let k(w) = 5*g(w) - 2*z(w). Calculate k(-6).
-8
Let g(o) = -48*o**2 + 6*o - 10. Let t(u) = -29*u**2 + 4*u - 5. Let v(y) = 3*g(y) - 5*t(y). Give v(-2).
3
Let f(u) = 3*u + 2. Let x(v) = -v - 1. Let c(y) = 6*f(y) + 17*x(y). Suppose -2*w = 2*n - 20, -2*n + 4*n = 5*w - 1. What is c(n)?
2
Suppose 10*y = -62 - 48. Let p(n) = -2*n - 28. What is p(y)?
-6
Let b(k) = -2*k + 25. Suppose 0 = -3*i + 36*a - 37*a + 37, 21 = 3*i - 3*a. Determine b(i).
3
Let k = -45 - -48. Let w(o) = 384 + 0*o - 384 + 2*o**k - 2*o**2 + o. Suppose 2 - 6 = -4*z. What is w(z)?
1
Let r(a) = -4*a. Suppose -3*b + 4 = -h + 6, h = b. What is r(b)?
4
Let l(f) = -f**2 + 13*f - 9. Let w be 8 - (-12 + (7 - -1)). Give l(w).
3
Let l(x) = x**2 - x - 3*x**2 + 2*x**2 - 1 - x**2. Let u(o) = -7*o**2 - 4*o - 4. Let s(b) = -6*l(b) + u(b). Let g = 2 - 5. Calculate s(g).
-13
Let w(v) = -v + 1. Let h be w(-5). Let k(p) be the second derivative of p**3/6 - p**2/2 - 127*p. Give k(h).
5
Suppose 8*i = -6*i + 350. Suppose 5*k + 10 = -2*f, 5*k + 0*f = f - i. Let m(v) = -v**2 - 7*v - 6. What is m(k)?
6
Suppose 6*s + 3*a = 3*s - 24, -a = 4*s + 23. Let w be -1 + (-22)/(-6) - 11/(-33). Let h(q) = 205 - 204 + 3*q**3 + 2*q + 2*q - 2*q**w + 6*q**2. Calculate h(s).
6
Let o(u) = 2*u - 4. Let p be (-119)/(-14) - 2/4. Suppose -r = -5*k - p, 3*r + 4*k = 4*r - 7. Let n be 18/r - (2 - 0). Determine o(n).
4
Let k be 21/2*(-2)/(-3). Let p = 38 + -35. Let g(a) = -8*a + p*a**2 - 30 + 39 + 5*a**2 - a**3. Determine g(k).
2
Suppose 7 = 4*g - 3*g. Suppose -3*v + g = 1. Suppose v*p - 7*p = -20. Let k(t) = t**3 - 5*t**2 + 3. Determine k(p).
-13
Let b(s) = -392 + 782 - 2*s - 391 + s. Suppose 3*x = -5*i + 2 - 14, 0 = -2*i. Let u(g) = -g**3 - 5*g**2 - 4*g + 4. Let t be u(x). Determine b(t).
-5
Suppose 0 = 3*s + 12, -3*b + 7*s - 36 = 4*s. Let f = -14 - b. Suppose 6*t - 26 = -f. Let n(d) = -3*d + 5. What is n(t)?
-7
Let f(w) be the first derivative of 7*w + 7/2*w**2 + 9 - 1/3*w**3. Determine f(6).
13
Let t(n) = n**3 - 12*n**2 + 11*n + 8. Let a be t(11). Suppose a*z + 0 = 16. Let v(k) = 3*k**2 - 2*k - 2. Determine v(z).
6
Let b = 63 + -58. Suppose -b + 1 = -2*r. Let a(w) = 2*w - 2*w + 3*w - 3. Calculate a(r).
3
Let g be (-18)/(13/((-26)/(-4))). Let b(h) = h**2 + 9*h - 8. What is b(g)?
-8
Let s(g) be the first derivative of g**3/3 + 3*g**2 - 2*g - 2. Suppose j - 5*d + d = 24, 5*j - 3*d = 137. Suppose -j = 4*y - 0*y. Determine s(y).
5
Let t(v) = -67*v + v**2 - 1 + v**2 - 2 + 35*v + v**3 + 28*v. Suppose -l + 12 = -3*l. Let i = l + 3. Calculate t(i).
0
Let b(p) = 4*p**2 + 4*p + 2. Let w(y) = -6*y + 8. Let g(l) = -l - 1. Let d(t) = 4*g(t) - w(t). Let i be d(5). Determine b(i).
10
Let l(c) = -2*c - 4 + 0*c - 5 + c**3 + 7*c**2. Suppose -2*b + 4*t = 10, 6*b + 5*t + 40 = b. Give l(b).
5
Let x = 3 + -1. Let l(r